- -6. Suppose s = -t - 0*t + 2. Let c(y) = -y**3 + y**2 + 2*y - 1. Let p(m) = -2*m**3 + 2*m**2 + 4*m - 2. Let r(n) = 5*c(n) - 3*p(n). Give r(t).
1
Let y(l) = -17*l + 19. Let o(s) = -8*s + 9. Let w(a) = 13*o(a) - 6*y(a). Let f(i) = 3*i - 5. Let g(z) = -3*f(z) - 5*w(z). Calculate g(0).
0
Let k(w) be the first derivative of 5/3*w**3 - 1/4*w**4 + 7*w - 3*w**2 - 21. What is k(5)?
-23
Let b = 5 - 4. Suppose -3*r + 3*s - 24 = 0, r = -4*s + b + 1. Let y(p) = p**3 - 8 - 23*p - 990*p**2 + 29*p + 997*p**2. Give y(r).
-8
Let z(c) = 15*c. Let j = -824 - -823. Calculate z(j).
-15
Let u(z) = -7*z**3 - 3*z**2 - 6*z + 16. Let d(n) = -n**3 + n**2 + n + 1. Let r(b) = -6*d(b) + u(b). Give r(-7).
-4
Let y be ((-24)/3)/(-1) - -4. Let r(h) = 2*h**2 - 3*h + 6*h + 13*h**3 - y*h**3 + 4*h**2 + 1. What is r(-2)?
11
Let m = -18 + 13. Let j(f) = -f + 10. Let w be j(7). Let x(v) = -3 - v**3 + 211*v**2 - 2 + w*v - 215*v**2. Determine x(m).
5
Let c(g) = g**3 + 9*g**2 + 11*g + 14. Let d = -743 - -735. Calculate c(d).
-10
Let w = -93 + 85. Let c(b) = -b**2 - 9*b - 10. What is c(w)?
-2
Let r(c) = -c**2 + c + 5. Let s be (-539)/(-154)*((-16)/(-14))/2. Calculate r(s).
3
Let f(o) = -10*o**2 + 36*o + 4. Let t(d) = 2*d**2 - 7*d - 1. Let b(c) = 3*c**2 - 1. Let h be b(1). Let r(n) = h*f(n) + 11*t(n). Let k = 6 - 2. What is r(k)?
9
Let v(r) = -3*r + 3. Let q be (-3)/(-2) + -8 + (-126)/(-12). What is v(q)?
-9
Let q = -3225 + 3231. Let b(m) be the second derivative of m**3/6 + 3*m**2/2 + 2*m. Give b(q).
9
Let j be (-24)/(-15) + 108/(-30) + 3. Let i(u) = 38*u - 2. Determine i(j).
36
Let s be 9/(-6)*(-10)/3. Let b(r) be the third derivative of -r**5/60 + 5*r**4/24 - r**3/2 + 26*r**2. Calculate b(s).
-3
Let s(o) = -920*o - 2*o**2 + 7 + 0 + 465*o + 461*o + 0. Let q(c) = -3 - 2*c + c + 7 + 1. Let n be q(0). Determine s(n).
-13
Let r(c) = -8*c**3 + 9 + 27*c**3 - 10. Let v(b) = -b**3 + 10*b**2 + b - 9. Let u be v(10). Determine r(u).
18
Let p(j) = -3*j - 10. Let i(h) = h + 2. Let v(m) = 10*i(m) + 2*p(m). Give v(-1).
-4
Let j(r) = r**2 - r. Let l(s) = -12*s**2 + 6*s. Let h(m) = -m. Suppose 1 = -3*f + 4. Let g be h(f). Let w(b) = g*l(b) - 6*j(b). Calculate w(-1).
6
Let m(l) = -4*l**3 - 2*l**2 + 3. Let x = 2159 + -2157. Determine m(x).
-37
Let n = -35 + 38. Let r(f) = 2 - 4*f + n + 10*f. Calculate r(-4).
-19
Let h(r) be the first derivative of 2*r**3 - r**2/2 - 2*r + 446. Determine h(-1).
5
Let z(i) = -i**3 + 2*i + 1. Let w(g) = 10*g**2 + 10*g - 2. Let f(o) = -w(o) - z(o). What is f(11)?
-10
Let f(y) be the first derivative of -y**2 - 990. Let m = -14 - -20. What is f(m)?
-12
Let n(f) = 19*f**3 + f**2 - 1. Suppose -k + 23 = 5*u, 0 + 8 = -4*k. Suppose 0 = 3*s + u - 8. What is n(s)?
19
Let o(m) be the first derivative of 3*m**2 + 2*m - 333. What is o(-1)?
-4
Let b(o) = 9*o**2 - o. Let v(x) = -x - 14. Let z be v(-8). Let s = -5 - z. Determine b(s).
8
Let o(w) = -w**3 + 4*w**2 + w + 1. Let r = -14 - -18. Let i be o(r). Suppose 5*c + i*d + 13 + 2 = 0, -5*c + 3 = -d. Let g(l) = -l**3 + l + 17. Calculate g(c).
17
Let f(y) = -7*y**2 + 8375*y**3 - 8377*y**3 + 7*y**2 + 4. Determine f(2).
-12
Let n(j) = -6 + 2*j + 331*j**2 + j + j - 333*j**2. What is n(4)?
-22
Let f(z) = z**3 + 3*z**2 - 1. Let t be f(-2). Let o(r) = -r + 1. Let k(u) = u**3 + 3*u - 4. Let m(d) = k(d) + 5*o(d). What is m(t)?
22
Suppose 1357*t - 1340*t - 136 = 0. Let r(x) = -5*x**3 - 7*x**2 - 20*x + 19. Let p(b) = -3*b**3 - 3*b**2 - 10*b + 10. Let o(w) = -7*p(w) + 4*r(w). What is o(t)?
-10
Let a = 3070 + -6133/2. Let x(g) be the second derivative of -14*g + 1/20*g**5 + 1/6*g**3 + 0 - a*g**2 - 1/2*g**4. Determine x(6).
-1
Let j(q) = -6*q. Suppose 0*m = 2*m - 16. Suppose -4*p - s + 4 = -3*p, -p + 5*s = m. What is j(p)?
-12
Let p = -58 - -96. Suppose -2*d + c + 21 = -0, -4*d + p = 2*c. Suppose 5*l + 3 = 4*m - 0, 4*m + 2*l = d. Let j(g) = 3*g**2 + g - 2. What is j(m)?
12
Let q(j) be the second derivative of 0*j**3 + 1/720*j**6 + 0*j**2 + 5*j + 1/2*j**4 + 3/40*j**5 + 0. Let a(u) be the third derivative of q(u). Calculate a(0).
9
Let z(s) be the third derivative of s**4/3 + s**3/6 + 325*s**2. Calculate z(3).
25
Suppose 15*k = 3*b + 12*k + 66, -2*b - k - 29 = 0. Let t(f) = -f**3 - 17*f**2 + 3*f. What is t(b)?
-51
Let x(b) = 3*b**3 + 6*b**2 + 11*b - 8. Let j(d) = d**3 + 2*d**2 + 4*d - 3. Let l(t) = 17*j(t) - 6*x(t). Let g be (-4 + 5)/(1/(-3)). Give l(g).
0
Let t(h) = h**2 - 10*h + 9*h - 6 - 5 - 2. Let n be t(3). Let p(x) = -x**2 - 10*x - 8. Calculate p(n).
13
Let d(b) = -3*b**3 + 11*b**2 + 8*b + 16. Let c(l) = -13*l**3 + 45*l**2 + 32*l + 65. Let y(r) = -2*c(r) + 9*d(r). Calculate y(10).
-6
Let g(z) = 137*z + 129*z - z**3 + 20*z**2 - 417*z - 13 - 4*z**2 + 124*z. What is g(14)?
1
Let o(u) = 3*u + 2*u**3 + 0*u**3 - 2 + 13*u**3 - 17*u**3. What is o(-2)?
8
Let l(w) = -17*w - 61. Let c be l(-3). Let t(y) = -y**3 - 11*y**2 - 13*y - 8. Give t(c).
22
Let o(x) be the second derivative of -1/2*x**2 + 1/12*x**4 + 10*x + 0 - 1/3*x**3. Calculate o(-1).
2
Let n(r) be the first derivative of -r**3/3 - 21*r**2/2 - 12*r - 368. Give n(-21).
-12
Suppose 0 = -k - 0*k - 4*y + 18, -5*k - 2*y + 18 = 0. Let o(h) = 3*h**2 - 3*h - h**2 + 4*h**2 - 3*h**2 + 0*h**2. Determine o(k).
6
Suppose 2*h - 80 = -2*h. Let p = h - 17. Let x(u) = 14*u + p - 24*u - 4. What is x(1)?
-11
Suppose -2*j - 8 + 0 = 0. Let w be (-30)/j*2/(-3). Let x(s) = -3*s + 3*s**2 + 9*s + 1 - 4*s**2 + 2*s**2. What is x(w)?
-4
Suppose -3*d + 0*d = -6. Suppose -8 = d*o - 40. Let m = 16 - o. Let f(u) = -u**3 + u + 2. Calculate f(m).
2
Let u(d) = 131 - 273 + 9*d**2 + 131 - d**3 - 6*d. Let s(y) = y**3 + y**2 + 8. Let g be s(0). What is u(g)?
5
Let x(b) = 18. Let j(c) = -c + 1. Let z(u) = -2*j(u) + 2*x(u). Let n be z(-17). Let o(k) = -k - 12. Give o(n).
-12
Let d(c) be the third derivative of -c**6/120 + 4*c**5/15 - 2*c**4/3 + 10*c**3/3 + 77*c**2. Calculate d(15).
5
Let z(k) = k + 2 + 0*k - 2*k + 0*k. Let d(o) = o**3 + 12*o**2 + o + 6. Let j be d(-12). Calculate z(j).
8
Let z(c) = 7*c - 12. Let v(k) = -k**3 + 6*k**2 + 17*k + 3. Let d be v(8). Calculate z(d).
65
Suppose 38*v = 33*v. Suppose 0 = -3*i - 5*m + 10, v*m + m = 2. Let l(y) = y**3 + y - 11. What is l(i)?
-11
Let f(d) = -d**2 - 6*d - 1. Suppose 0 = -4*m - h + 67 + 73, 3*h = 12. Let s = m + -41. Give f(s).
-8
Let c(o) = o**3 + 11*o**2 + 3*o + 23. Let z(q) = -10*q + 219. Let i be z(23). Give c(i).
-10
Let c = 0 + -2. Suppose -6 + 2 = 4*l, 50 = 4*y - 2*l. Let h(f) = -13*f**2 - 2 + 0*f**2 + y*f**2. What is h(c)?
-6
Let q(k) = 1 + k**2 - 2*k**2 + k**3 - 6 - 2*k**2. Determine q(4).
11
Let p(o) = 6*o + o - 3*o**2 + 0*o**3 + 0*o**3 + 6 - o**3. Suppose 14 = -h + 10. What is p(h)?
-6
Let n(a) = a**3 + 5*a**2 - 4*a + 2. Suppose 0 = 9*d + 373 - 319. Give n(d).
-10
Let a(o) = -o - 1. Let l = -46 + 50. Suppose -l*j - 6 = 5*k, -j = -6*k + 3*k - 7. What is a(k)?
1
Let m(o) = -o**3 + 2*o**2 + 2. Let z = -452 + 454. What is m(z)?
2
Let f(s) = 10*s**2 + 2*s - 1. Let m be 0/(-7 + 9) + 1/1. Calculate f(m).
11
Let x(t) be the first derivative of t**3 + t**2/2 - 2*t + 437. What is x(2)?
12
Let u(p) be the first derivative of -p**7/840 + p**6/72 - p**5/30 + p**4/6 + 32*p**3/3 + 16. Let l(n) be the third derivative of u(n). Calculate l(4).
4
Let c(k) be the first derivative of k**4/4 + 4*k + 141. Suppose 0 = -z - 3, 6*z = -2*l + 2*z - 10. Let a = l - 1. Calculate c(a).
4
Let x(p) = 4*p**2 + 4*p + 4. Suppose -4*r - 5*s - 16 = 12, 6 = -r - s. What is x(r)?
12
Let h(n) = -4*n**2 + n - 2. Let c(t) = -11*t**2 + 12*t - 10. Let q(p) = -c(p) + 3*h(p). Calculate q(-10).
-6
Suppose -26*x = -28*x + 10, -4*i = 3*x - 7. Let m(q) = -q**3 + q**2 - q - 1. Let a(s) = -8*s**3 + 3*s**2 - 3*s - 3. Let w(k) = -a(k) + 5*m(k). What is w(i)?
-14
Let x(q) = 164*q**3 - 163*q**3 + 5*q + 17 + 9*q**2 - 2*q. Determine x(-9).
-10
Let l(v) be the second derivative of 0 - 1/2*v**2 - 3/2*v**3 - 20*v. What is l(-1)?
8
Let i(n) = -n + 1. Suppose -3*h - 25 = 2*h. Let m = 13 + h. Suppose -9*g + 1 = -m*g. What is i(g)?
0
Let d(l) = 8*l - 3. Suppose -2 = 4*f + 2*b - 12, 5*f - 17 = -4*b. Let x be d(f). Let t(g) = -g - 1. What is t(x)?
-6
Let d(j) be the third derivative of -j**4/12 - 4*j**3/3 + j**2 + 83. Determine d(-5).
2
Let t(h) = -h**3 + h**2 + h + 6. Let r(c) = c + 1. Let w be r(-1). Let a be t(w). Let u(s) be the seco